5486212?
2, 3, 97, 101, 239
List the prime factors of 22883981.
22883981
List the prime factors of 767567899.
7, 15664651
What are the prime factors of 1516024180?
2, 5, 11, 6891019
List the prime factors of 36688403.
283, 129641
List the prime factors of 36130295.
5, 7226059
What are the prime factors of 3759534260?
2, 5, 109, 1724557
What are the prime factors of 386773036?
2, 13, 101, 73643
What are the prime factors of 164504042?
2, 31, 47, 56453
List the prime factors of 3511868.
2, 569, 1543
List the prime factors of 3082989060.
2, 3, 5, 31, 43, 4283
List the prime factors of 978012431.
11, 17, 5230013
List the prime factors of 72975031.
72975031
List the prime factors of 104221278.
2, 3, 7, 47, 17599
List the prime factors of 346874690.
2, 5, 1453, 23873
What are the prime factors of 1514179335?
3, 5, 673, 149993
List the prime factors of 1903718144.
2, 7436399
List the prime factors of 23803319.
31, 761, 1009
What are the prime factors of 8182255?
5, 19, 43, 2003
List the prime factors of 5014127970.
2, 3, 5, 3011, 18503
List the prime factors of 2232574406.
2, 109, 10241167
List the prime factors of 2195084911.
59, 197, 188857
What are the prime factors of 44821424?
2, 2801339
List the prime factors of 1069454233.
24989, 42797
What are the prime factors of 786246515?
5, 17, 9249959
What are the prime factors of 5235731210?
2, 5, 127, 4122623
What are the prime factors of 78481995?
3, 5, 37, 41, 3449
What are the prime factors of 107543613?
3, 35847871
What are the prime factors of 953479717?
19, 4799, 10457
What are the prime factors of 23892736?
2, 7, 67, 199
What are the prime factors of 13097498?
2, 19, 344671
List the prime factors of 140575223.
1187, 118429
List the prime factors of 488537216.
2, 3816697
List the prime factors of 378135017.
13, 19, 1530911
What are the prime factors of 1362350447?
1362350447
What are the prime factors of 98375309?
1871, 52579
What are the prime factors of 176573057?
73, 1093, 2213
What are the prime factors of 1584107220?
2, 3, 5, 1481, 17827
List the prime factors of 46595135.
5, 9319027
List the prime factors of 256005729.
3, 7, 4063583
What are the prime factors of 1064067390?
2, 3, 5, 337, 35083
List the prime factors of 42083785.
5, 29, 290233
What are the prime factors of 1641941525?
5, 7, 19, 493817
What are the prime factors of 22518021?
3, 19, 179, 2207
List the prime factors of 5396039688.
2, 3, 13, 17294999
List the prime factors of 77723117.
1579, 49223
What are the prime factors of 436580250?
2, 3, 5, 23, 25309
What are the prime factors of 718645294?
2, 41, 8763967
What are the prime factors of 3844703099?
3844703099
What are the prime factors of 138548383?
79, 1753777
What are the prime factors of 1036170779?
7, 631, 234587
List the prime factors of 267828017.
971, 275827
List the prime factors of 44025771.
3, 14675257
List the prime factors of 5814505259.
101, 57569359
List the prime factors of 2475078157.
13451, 184007
List the prime factors of 417331125.
3, 5, 43, 8627
What are the prime factors of 53063747?
11, 79, 227, 269
What are the prime factors of 18772365?
3, 5, 101, 12391
What are the prime factors of 45053674?
2, 19, 1185623
List the prime factors of 157785746.
2, 78892873
What are the prime factors of 567703221?
3, 189234407
What are the prime factors of 109842711?
3, 11, 302597
What are the prime factors of 3088160481?
3, 7, 23, 79, 80933
What are the prime factors of 6320419?
7, 47, 19211
List the prime factors of 470539134.
2, 3, 13, 107, 18793
List the prime factors of 789625676.
2, 7, 31, 101, 9007
What are the prime factors of 95192374?
2, 4549, 10463
List the prime factors of 3054060.
2, 3, 5, 19, 47
What are the prime factors of 22675430?
2, 5, 2267543
What are the prime factors of 101202722?
2, 137, 369353
What are the prime factors of 28250272?
2, 53, 16657
List the prime factors of 1590211395.
3, 5, 47, 157, 4789
What are the prime factors of 62058148?
2, 15514537
List the prime factors of 16709856.
2, 3, 174061
What are the prime factors of 616239541?
179, 3442679
What are the prime factors of 1818653589?
3, 127, 1223, 1301
List the prime factors of 445414904.
2, 11, 5061533
What are the prime factors of 1103512296?
2, 3, 17, 461, 5867
List the prime factors of 1259514077.
37, 34040921
List the prime factors of 200299338.
2, 3, 17, 218191
What are the prime factors of 1383527019?
3, 7, 67, 983317
List the prime factors of 7694960268.
2, 3, 641246689
List the prime factors of 7174915299.
3, 19, 109, 384941
What are the prime factors of 1201949461?
1201949461
What are the prime factors of 115310606?
2, 43, 919, 1459
List the prime factors of 538703592.
2, 3, 7, 41, 197, 397
List the prime factors of 126880961.
126880961
What are the prime factors of 5203557832?
2, 11, 7621, 7759
What are the prime factors of 39797580?
2, 3, 5, 107, 6199
List the prime factors of 585214316.
2, 29, 5044951
List the prime factors of 29431195.
5, 5886239
What are the prime factors of 1032034640?
2, 5, 7, 13, 17, 31, 269
List the prime factors of 299991022.
2, 29, 5172259
List the prime factors of 4432884757.
7, 633269251
List the prime factors of 76355962.
2, 347, 110023
What are the prime factors of 312068696?
2, 39008587
What are the prime factors of 974058017?
71, 421, 32587
What are the prime factors of 167406156?
2, 3, 443, 3499
What are the prime factors of 1156142269?
1409, 820541
List the prime factors of 385219758.
2, 3, 7, 11, 61, 13669
List the prime factors of 541822329.
3, 60202481
List the prime factors of 185928322.
2, 92964161
List the prime factors of 401882916.
2, 3, 139, 479, 503
What are the prime factors of 4799531788?
2, 103, 11649349
List the prime factors of 10982986.
2, 7, 17, 46147
What are the prime factors of 701887458?
2, 3, 23, 5086141
What are the prime factors of 2295028553?
173, 13266061
What are the prime factors of 2339196530?
2, 5, 11, 71, 299513
List the prime factors of 157640531.
41, 61, 63031
List the prime factors of 39298492.
2, 17, 577919
List the prime factors of 43514450.
2, 5, 7, 17761
List the prime factors of 53492113.
53492113
What are the prime factors of 198022848?
2, 3, 641, 1609
List the prime factors of 9219160.
2, 5, 230479
List the prime factors of 376940701.
376940701
What are the prime factors of 1210709567?
1210709567
What are the prime factors of 111912196?
2, 11, 2543459
List the prime factors of 7957980554.
2, 313, 12712429
What are the prime factors of 424184571?
3, 59, 67, 11923
List the prime factors of 94079496.
2, 3, 7, 17, 32941
List the prime factors of 645318090.
2, 3, 5, 19, 1553
List the prime factors of 1235260981.
1235260981
List the prime factors of 89557175.
5, 43, 227, 367
What are the prime factors of 92053154?
2, 46026577
What are the prime factors of 70143295?
5, 131, 107089
What are the prime factors of 3259099408?
2, 203693713
List the prime factors of 3238553909.
233, 1013, 13721
What are the prime factors of 260040510?
2, 3, 5, 97, 9929
List the prime factors of 1126623737.
499, 2257763
List the prime factors of 1244334.
2, 3, 7, 13, 43, 53
List the prime factors of 1812454361.
37, 2287, 21419
What are the prime factors of 756082396?
2, 179, 1055981
List the prime factors of 3872573991.
3, 11, 13, 231461
List the prime factors of 4152584790.
2, 3, 5, 46139831
What are the prime factors of 3415902644?
2, 7, 11, 61, 181813
What are the prime factors of 13411051?
643, 20857
List the prime factors of 765855827.
11, 6329387
List the prime factors of 979951108.
2, 244987777
What are the prime factors of 122760865?
5, 79, 167, 1861
What are the prime factors of 34324633?
7, 4903519
List the prime factors of 109334680.
2, 5, 7, 13, 613
List the prime factors of 1738078287.
3, 11, 52669039
List the prime factors of 2326249287.
3, 19, 1511533
List the prime factors of 170057934.
2, 3, 3149221
What are the prime factors of 26584379?
17, 367, 4261
What are the prime factors of 12806174?
2, 43, 3463
What are the prime factors of 38979707?
13, 59, 50821
List the prime factors of 62357072.
2, 1367, 2851
What are the prime factors of 723071156?
2, 31, 53, 110023
List the prime factors of 131801655.
3, 5, 293, 29989
What are the prime factors of 65343963?
3, 337, 64633
List the prime factors of 800674203.
3,